 1. Determine m(1).
26
Let i(m) = -m**2 + 23*m - 43. Give i(15).
77
Let h(k) = 11*k**3 - 2*k + 3. Give h(1).
12
Let p(i) = -6*i + 56. Calculate p(8).
8
Let s(l) = -l**2 - 12*l - 11. Calculate s(-7).
24
Let z(q) = q. Give z(-8).
-8
Let a(c) = -89*c**2 - 709*c + 18. What is a(-8)?
-6
Let k(x) = x**2 + 2*x + 6. Give k(-4).
14
Let a(t) = 40*t - 1. What is a(1)?
39
Let u(g) = -g**3 - 7*g**2 - 2*g + 14. Give u(-6).
-10
Let h(t) = -t**2 - 10*t - 1. Calculate h(8).
-145
Let v(y) = -33*y + 3. Calculate v(2).
-63
Let i(o) = 39*o + 6. Give i(1).
45
Let c(y) = y**2 + 14*y - 917. What is c(24)?
-5
Let f(x) = x**3 - 2*x**2 - x + 1. What is f(4)?
29
Let d(u) = -2*u - 13. What is d(-4)?
-5
Let i(j) = 4*j**2 - 48*j + 18. Calculate i(12).
18
Let q(c) = -2*c - 20. Calculate q(-16).
12
Let b(l) = l**3 - 4*l**2 - 7*l + 6. Give b(4).
-22
Let j(g) = -3*g**2 - 3. Determine j(0).
-3
Let w(z) = -15*z + 4. Give w(4).
-56
Let q(r) = 35*r**2 - 3*r - 2. Calculate q(-1).
36
Let i(z) = z - 16. Determine i(9).
-7
Let g(f) = 5*f - 21. Give g(-4).
-41
Let p(b) = b**3 + 22*b**2 + 58*b + 14. Calculate p(-19).
-5
Let r(c) = 7*c**2 + 2*c - 2. Determine r(2).
30
Let p(d) = d**3 + 11*d**2 + 11*d + 9. Determine p(-10).
-1
Let p(b) = -73*b - 1. Determine p(-1).
72
Let r(p) = -p**2 - 6*p + 7. Calculate r(5).
-48
Let d(x) = 3*x - 13. Give d(6).
5
Let a(r) = -r**3 + 3*r**2 - 2*r + 2. Give a(2).
2
Let b(m) = 26*m. What is b(-1)?
-26
Let q(g) = -g**3 + 12*g**2 + 12*g + 16. Give q(13).
3
Let o(m) = m**2 + m + 1. Calculate o(2).
7
Let b(s) = 10*s**2 + 1. Calculate b(2).
41
Let k(v) = -2*v**3 - 31*v**2 + 16*v - 17. Give k(-16).
-17
Let v(a) = a**2 + 3*a + 3. Calculate v(-2).
1
Let q(a) = 5*a**2 - 18*a + 3. Give q(5).
38
Let l(t) = 11*t + 270. Determine l(-24).
6
Let l(z) = -98*z - 784. Give l(-8).
0
Let b(n) = -68*n + 615. What is b(9)?
3
Let f(o) = -2*o**3 + 6*o**2 - 6*o + 19. What is f(4)?
-37
Let c(r) = -3*r - 21. What is c(-5)?
-6
Let f(y) = y**3 - 12*y**2 + 6*y - 63. Determine f(12).
9
Let u(r) = -r**2 + 11*r + 33. Determine u(14).
-9
Let z(q) = -2*q + 22. Determine z(9).
4
Let n(q) = 9*q - 46. Calculate n(4).
-10
Let a(p) = 2*p**2 - 6*p - 4. Determine a(6).
32
Let o(k) = -k**2 + 6*k - 7. What is o(5)?
-2
Let p(u) = -2*u**2 + 14*u + 4. Give p(8).
-12
Let v(a) = 18*a + 169. What is v(-10)?
-11
Let j(y) = y**3 - 5*y + 8. Calculate j(0).
8
Let g(b) = -2*b**3 - 3*b**2 + b + 4. Give g(-2).
6
Let v(w) = w**3 - 10*w**2 - 14*w + 41. What is v(11)?
8
Let g(x) = -4*x + 13. What is g(6)?
-11
Let w(o) = -7*o**3 - 6*o**2 + 7. Calculate w(-3).
142
Let o(a) = -3*a**3 + 19*a**2 - 6*a + 2. Give o(6).
2
Let y(c) = -2*c**2 + 37*c - 51. Determine y(16).
29
Let o(c) = -c - 72. Calculate o(0).
-72
Let h(i) = 11*i + 222. What is h(-20)?
2
Let b(c) = c**3 + 2*c**2 - 5*c - 6. Determine b(-4).
-18
Let f(l) = -12*l + 46. Give f(3).
10
Let w(k) = 10*k + 66. Give w(-7).
-4
Let m(f) = -f**3 - 6*f**2 - 5. What is m(-5)?
-30
Let w(z) = z**2 + 5*z - 24. What is w(-8)?
0
Let j(h) = 6*h**2 - 4*h - 3. Calculate j(-2).
29
Let r(k) = -k**2 - 1. Determine r(-2).
-5
Let m(u) = -u**3 + 39*u**2 - 73*u - 39. What is m(37)?
-2
Let j(i) = 3*i**3 - 33*i**2 + 3*i - 27. What is j(11)?
6
Let s(t) = -t**3 - 11*t**2 - 3*t - 11. What is s(-11)?
22
Let c(b) = 4*b - 5. Give c(5).
15
Let p(c) = 14*c + 2. Calculate p(3).
44
Let t(c) = c**3 + 8*c**2 + c - 2. Determine t(-4).
58
Let s(o) = -2*o**3 - 23*o**2 - 15*o - 11. What is s(-10)?
-161
Let y(b) = -b**3 + 21*b**2 + 21*b + 27. Determine y(22).
5
Let p(x) = -x**2 - 4*x + 7. Give p(-3).
10
Let f(c) = c**2 + 6*c - 3. Calculate f(-5).
-8
Let a(s) = -s**3 + 14*s**2 - 12*s - 14. Calculate a(13).
-1
Let k(r) = r**3 - 2*r**2 + r + 1. Calculate k(2).
3
Let s(b) = -5*b**3 + b**2 + 2*b. Calculate s(-2).
40
Let f(m) = -m**2 + 13*m - 9. Calculate f(8).
31
Let a(z) = -6*z + 75. What is a(14)?
-9
Let o(m) = 2*m - 6. What is o(9)?
12
Let c(x) = -2*x**2 + 19*x - 26. What is c(7)?
9
Let c(i) = -6*i**3 - 2*i - 4. Give c(-2).
48
Let x(l) = l**2 + 2*l + 11. What is x(-6)?
35
Let d(f) = -f**2 + f + 22. What is d(5)?
2
Let g(a) = a**2 + 7*a + 13. Determine g(-9).
31
Let i(z) = -z**3 - 15*z**2 - 12*z - 21. Determine i(-14).
-49
Let j(p) = -p**3 + 17*p**2 + p - 1. Calculate j(17).
16
Let d(z) = -4*z**3 + 4*z**2 + 2*z - 4. Determine d(3).
-70
Let u(j) = -j**2 - 9*j + 1. Give u(-11).
-21
Let c(n) = -2*n**3 - 6*n**2 - 7*n - 16. Calculate c(-4).
44
Let v(n) = -4*n**2 + 5*n + 3. Determine v(-1).
-6
Let a(c) = c**2 + 14*c + 35. What is a(-6)?
-13
Let n(k) = 2*k - 17. Calculate n(7).
-3
Let i(g) = -2*g**2 + g - 2. What is i(4)?
-30
Let g(f) = f**2 - 2*f + 3. Give g(6).
27
Let q(u) = u**3 + 6*u**2 + 6*u. Give q(-4).
8
Let s(r) = r**3 - r**2 - 7*r - 9. Give s(-3).
-24
Let t(n) = n - 8. What is t(0)?
-8
Let s(k) = -k + 20. What is s(5)?
15
Let y(q) = q**2 + q - 12. Determine y(-4).
0
Let a(m) = m + 13. What is a(-16)?
-3
Let z(k) = -k**3 + 3*k**2 + k + 10. Determine z(4).
-2
Let p(j) = -7*j**3 + j. What is p(1)?
-6
Let c(f) = f**3 - 5*f**2 - f - 33. What is c(6)?
-3
Let r(w) = -w**2 - 6*w + 16. Determine r(-8).
0
Let s(u) = -u**2 - 6*u + 16. What is s(-9)?
-11
Let t(u) = u**3 + 12*u**2 + 12*u + 1. Calculate t(-11).
-10
Let x(f) = 2*f**2 - 5*f + 6. Give x(3).
9
Let j(w) = w**2 - 9*w + 3. Determine j(5).
-17
Let j(m) = -m**2 + 64*m - 232. Give j(60).
8
Let o(t) = -2*t**2 + 21*t + 23. Calculate o(12).
-13
Let m(l) = 8*l + 2. What is m(-2)?
-14
Let h(i) = -5*i**2 - 3*i. Determine h(-2).
-14
Let h(c) = c**3 + 35*c**2 + 3*c + 21. Calculate h(-35).
-84
Let b(l) = l - 16. What is b(5)?
-11
Let l(j) = 3*j. Calculate l(-6).
-18
Let r(n) = n**3 - 19*n**2 + 16*n + 23. Determine r(18).
-13
Let h(g) = 4*g**2 - g + 1. Calculate h(1).
4
Let d(t) = t**2 + 8*t + 5. What is d(-9)?
14
Let a(p) = -p - 3. What is a(9)?
-12
Let o(f) = -23*f**3 - 1. Calculate o(-1).
22
Let v(j) = -35*j + 659. Calculate v(19).
-6
Let g(i) = i - 6. Determine g(10).
4
Let f(m) = -m**3 + 16*m**2 + m. Calculate f(16).
16
Let j(u) = -u - 26. What is j(0)?
-26
Let j(h) = -h**2 - 15*h + 7. Calculate j(-15).
7
Let w(m) = 12*m + 77. Determine w(-7).
-7
Let t(h) = h**2 + 3*h - 87. Calculate t(-12).
21
Let x(n) = -n**3 - 3*n**2 + n + 3. Calculate x(-3).
0
Let d(v) = 28*v + 27. Determine d(-2).
-29
Let r(u) = 40*u - 693. Determine r(17).
-13
Let d(g) = g**2 + 12*g + 42. What is d(-6)?
6
Let z(d) = d**3 - 7*d**2 + 3*d + 13. Calculate z(6).
-5
Let w(r) = -r**3 + 7*r**2 - 17*r + 26. Give w(5).
-9
Let p(w) = 2*w**2 + 55*w + 116. What is p(-25)?
-9
Let s(x) = 11*x**2 - 12*x. What is s(2)?
20
Let i(u) = -2*u - 33. Calculate i(-12).
-9
Let q(k) = 3*k + 31. Determine q(-11).
-2
Let s(x) = -5*x + 1. What is s(-3)?
16
Let h(k) = k**2 - 2*k. Give h(3).
3
Let z(m) = 4*m + 188. Determine z(-51).
-16
Let s(g) = -g**2 - 11*g + 30. Calculate s(-13).
4
Let p(f) = 7*f**2 + 27*f - 4. What is p(-5)?
36
Let q(w) = -w**2 - 4*w - 6. Give q(-4).
-6
Let t(n) = -3*n + 188. Calculate t(59).
11
Let h(t) = -t**3 - 5*t**2 + 8*t + 4. Calculate h(-6).
-8
Let c(f) = -2*f**3 + 13*f**2 - 37*f + 4. Determine c(5).
-106
Let w(t) = t**3 - 2*t**2 + 6*t - 7. Determine w(3).
20
Let l(n) = 10*n + 2. Determine l(-4).
-38
Let a(r) = -r + 11. What is a(14)?
-3
Let u(n) = -28*n**2 + 3*n - 1. Determine u(1).
-26
Let l(p) = 2*p**2 + 43*p + 70. Determine l(-20).
10
Let d(l) = -7*l**2 + 96*l + 22. Calculate d(14).
-6
Let r(a) = 22*a + 113. What is r(-6)?
-19
Let i(l) = -3*l - 14. What is i(-19)?
43
Let p(h) = h**3 + 24*h**2 + 20*h - 61. Calculate p(-23).
8
Let f(m) = -2*m**2 - m + 1. Determine f(1).
-2
Let v(b) = b**2 - 9*b + 1. Determine v(4).
-19
Let t(x) = 5*x + 292. Calculate t(-56).
12
Let z(t) = 17*t - 10. Calculate z(-3).
-61
Let m(h) = -8*h - 2. Give m(-6).
46
Let q(v) = -v**3 - 14*v**2 + 15*v - 3. Determine q(-15).
-3
Let m(z) = -z**2 + 17*z + 8. What is m(17)?
8
Let t(c) = 3*c**3 - 43*c**2 + 20*c - 39. What is t(14)?
45
Let g(d) = -d**2 + 11*d + 99. Determine g(-6).
-3
Let k(x) = -x**2 + 27*x - 162. Calculate k(18).
0
Let a(h) = 2*h**3 - 2*h**2 + 2*h + 2. Determine a(-2).
-26
Let g(l) = 7*l**3 - l**2 + l. Determine g(2).
54
Let y(o) = 5*o - 53. What is y(10)?
-3
Let p(v) = v**3 + 8*v**2 - 23*v - 19. Calculate p(-10).
11
Let p(o) = o**2 + 13*o + 8. Determine p(-13).
8
Let u(o) = -6*o + 21. What is u(3)?
3
Let i(b) 